et p(m) = 84 + 5*m - 179*m**2 - 179*m**2 + 357*m**2. Let h be p(11). Calculate the greatest common factor of 27 and h.
9
Let h(p) = -6*p - 64. Let f be h(-12). Let x(o) = 2*o**2 + 5*o + 5. Let j be x(-2). Let b be 2*228/f + j. Calculate the highest common divisor of 40 and b.
20
Suppose -3*l + 537 = -45. Suppose 4*h - l + 50 = 0. Let r be -2*(-2 - (-1 - -5)). What is the highest common factor of h and r?
12
Let k = -169 - -239. Suppose 3*r - 13*t = -18*t, 2*r = -4*t. Suppose -2*b + 14 - 6 = r, -3*y - 3*b + 54 = 0. Calculate the highest common divisor of k and y.
14
Let v(b) = 129*b + 105. Let s be v(32). Calculate the highest common divisor of s and 17.
17
Let h(r) = 11*r**2 + 75*r + 26. Let c be h(8). Let q(u) = -20*u - 1. Let d be q(-1). Calculate the highest common divisor of c and d.
19
Suppose 4*a = -2*j + 56, 3*j - 32*a + 29*a - 93 = 0. Let k = -219 + 264. What is the greatest common divisor of j and k?
15
Let s(z) = z**2 - 18*z - 16. Let v be (-3 + 0)*(-95)/15. Let q be s(v). Let y be (2 - 3) + 19 + q + -5. Calculate the greatest common factor of y and 128.
16
Let u be (-2)/8 - 198/(-24). Suppose 5*b + 5*f = 918 - 228, -2*f + 546 = 4*b. Let w be (24/(-14))/(b/(-630)). What is the greatest common factor of w and u?
8
Let u = -77 + 99. Suppose u*s = 13*s + 1386. Calculate the highest common factor of s and 44.
22
Let y(k) = 33*k - 3. Let f be y(2). Let a be (1890/12)/(-15)*-42. What is the highest common divisor of a and f?
63
Let r = -25 + 41. Let w be 100/r + -6 - 3/(-4). What is the highest common factor of 1 and w?
1
Let n be (159 - (3 + -6)) + -4. Let o = n + -88. Suppose -x + 40 = -3*f, 0*x - 2*x = -4*f - o. Calculate the highest common divisor of 5 and x.
5
Let p be -2*(-388)/6 + 5/(-15). Let k = -41 + p. Calculate the greatest common divisor of k and 66.
22
Let w(p) = 10085*p - 1130. Let i be w(1). Calculate the greatest common divisor of i and 135.
45
Suppose -14*z + 102 = -38. Calculate the highest common divisor of 1510 and z.
10
Let w be 4890129/1809 + 4/(-18). Calculate the highest common factor of 477 and w.
159
Suppose 2*g = -12*z + 11*z + 356, -3*z + 2*g = -1052. What is the highest common divisor of z and 544?
32
Suppose 3*f - 5*z - 2868 = 0, -4*f - 1812 = -2*z - 5636. What is the highest common divisor of f and 4?
4
Let n(h) = h**3 + 21*h**2 + 36*h + 24. Let s be n(-19). Suppose 0 = -5*u + 27 - 277. Let o = u + s. Calculate the highest common factor of 12 and o.
12
Let m = 6788 - 5381. Calculate the highest common divisor of 63 and m.
21
Let k(y) = 2*y**3 - 46*y**2 - 51*y + 187. Let b be k(24). Suppose 3*j - 125 = 82. Calculate the greatest common factor of j and b.
23
Let w = -2012 + 2100. Let x = 118 - 70. Calculate the greatest common divisor of w and x.
8
Let f(p) = 3*p**2 - 48*p + 105. Let m be f(39). Calculate the highest common factor of 12 and m.
12
Let u = -5875 + 5881. What is the greatest common divisor of u and 622?
2
Suppose 112 = 2*f + i - 0*i, f - 63 = 3*i. Let z(g) = -7*g - 35. Let q be z(-15). Let m = q + -32. Calculate the highest common factor of f and m.
19
Suppose -5*r = -k - 8, r + k + 4 = 4*r. Suppose -3*l = -r*l + 18. Let j be (-690)/l + -3 + (-2)/(-3). Calculate the greatest common factor of j and 144.
36
Let q(t) = t**3 + 3*t**2 - 14*t - 6. Let a be q(6). Let c be 3*17*(-13)/(a/(-24)). Calculate the highest common divisor of 17 and c.
17
Let v(o) = 2*o + 42. Let q be ((-726)/24)/((-4)/(-16)). Let l = 110 + q. Let j be v(l). Calculate the greatest common factor of 24 and j.
4
Let h(z) = -2*z**2 - 65*z - 8. Let n be h(-32). Calculate the highest common factor of n and 1266.
6
Let b be 9/(-4) - (-225645)/980. Calculate the greatest common divisor of 192 and b.
12
Suppose 2*o = 6*o - 12. Let n be ((-4)/3)/(o/(-18)). Suppose -3*m = -z - 40, -4*m + 46 + 6 = -z. Calculate the greatest common factor of n and m.
4
Let i(k) = 344*k**2 - 336*k**2 + 8*k - 11 + 2*k + k**3. Let d be i(-6). Let x be 16*d*22/4. Calculate the greatest common divisor of x and 8.
8
Suppose 230 - 91 = 18*c - 131. Calculate the greatest common divisor of 830 and c.
5
Let n(x) = -x**2 + 6*x - 4. Let l be n(2). Suppose 0 = l*h - 5*i - 120, 36 + 47 = 3*h - 2*i. Calculate the greatest common factor of 200 and h.
25
Let z(y) = y**3 - 3*y**2 + 3*y + 4. Let q be z(3). Let k be (-78)/(-2 + (-20)/3 - (78 + -86)). What is the highest common divisor of q and k?
13
Suppose -5*o + 487 = 2*z, 11*o = 7*o - 4*z + 380. Calculate the greatest common divisor of o and 22.
11
Suppose 15*b - 20 - 25 = 0. Suppose b*x = 2*a - 3, -2*x = -19*a + 14*a + 13. What is the highest common factor of 147 and a?
3
Let g(w) = w**3 - 5*w**2 - 8*w + 30. Let p be g(6). Suppose 1085*v - 1086*v + p = 0. What is the greatest common factor of 90 and v?
18
Let v = -2595 + 1217. Let c = -978 - v. Calculate the greatest common factor of 16 and c.
16
Let x be 40549/369 - 1/(-9). Suppose x = 5*j + 4*y - 5*y, -j + 3*y + 8 = 0. Calculate the highest common factor of 161 and j.
23
Let v be ((-237)/(-12))/(10/(-12)*162/(-22140)). Calculate the greatest common divisor of 451 and v.
41
Suppose -m + 36 = 3*m. Let c(k) = 8*k + 74. Let n be c(-10). Let w(g) = g**2 - 9*g - 27. Let a be w(n). Calculate the highest common divisor of m and a.
9
Suppose 5*t = -874 + 269. Let k = -100 - t. What is the highest common factor of k and 357?
21
Let w(a) = a**3 - 5*a**2 + 6*a - 5. Let g be w(4). Suppose 0 = -2*x, -g*l - x = 2*x - 630. Let u = 35 + -21. What is the highest common factor of u and l?
14
Let j = -13597 + 23305. Calculate the greatest common divisor of j and 12.
12
Let f = 1675 + -1603. Let y(j) = -46*j + 2. Let c be y(-1). What is the greatest common divisor of f and c?
24
Let y(o) = 17*o**3 + 4*o**2 + 10*o + 7. Let q be y(4). Calculate the greatest common divisor of 11 and q.
11
Suppose 30 = -5*c, -s = 4*c - 1189 - 866. Calculate the highest common factor of s and 315.
63
Suppose 21*w - 20*w - 3*b = 1325, w - 2*b = 1327. Calculate the highest common factor of w and 121.
121
Let c be (1 + -45)/(52/(-44) - -1). Calculate the highest common divisor of 4598 and c.
242
Let u be 39/6*-4 - 6. Let p be 24/u*2*-318. What is the highest common factor of 9 and p?
9
Let g(q) = -7*q + q + 4*q - 36. Let y be g(-18). Suppose 12*t - 2*t - 110 = y. Calculate the highest common divisor of 44 and t.
11
Suppose -3*p + 843 = 3*w, 26*p + 5*w - 253 = 25*p. What is the greatest common factor of p and 117?
9
Suppose 214*o - 2448000 = 54*o. Calculate the greatest common factor of 36 and o.
36
Suppose -6465 - 906 = -27*w. Calculate the highest common divisor of 1743 and w.
21
Let h(g) = 16*g**2 - 863*g + 5987. Let z be h(7). What is the highest common factor of z and 70?
10
Let d = -3353 - -5205. Suppose -2*p + 5*o + 355 = -545, -4*p - 3*o + d = 0. Calculate the highest common divisor of 40 and p.
20
Let m be (-4 + (-42)/(-12))*-16. Suppose -21*u = -17*u - m. What is the greatest common factor of 18 and u?
2
Suppose 0 = z - 9*z + 200. Let p be z*(-2)/15*-12. Let g(a) = -a**3 - 2*a + 360. Let f be g(0). What is the greatest common factor of f and p?
40
Let x be ((-1)/((-1)/6))/(14/21). Let n(g) = -2*g + 28. Let v be n(-16). Suppose 6*o - v = 642. Calculate the greatest common factor of x and o.
9
Suppose -3*p = -f + 61, f + 4*p - 53 = 3*p. Suppose 58*y = f*y. Let v be (y + -1)*(-2 + -42 + -4). Calculate the greatest common divisor of v and 36.
12
Let l(n) = -2*n**3 - 5*n**2 + 2*n + 1. Let j be l(4). Let p = j + 215. Calculate the highest common divisor of p and 80.
16
Let p be 76/6 - (-18)/(-27). Let u = -8093 - -8243. Calculate the greatest common factor of p and u.
6
Let v = 5 - -5. Suppose -19*a + 5*u = -21*a + 20, -5*a + 112 = -3*u. Calculate the highest common divisor of v and a.
10
Suppose 73*q - 3*w + 72427 = 77*q, w - 72425 = -4*q. Calculate the greatest common factor of q and 44.
22
Let t = 13142 + -8525. What is the highest common divisor of 19 and t?
19
Let n(m) = -33*m - 354. Let l be n(-23). What is the highest common divisor of 10 and l?
5
Let n(u) = -4*u + 9. Let s be n(-17). Let z = s - 48. What is the greatest common factor of 232 and z?
29
Suppose 5*w - 2*w = -1311. Let u = 81 + w. Let b = -224 - u. Calculate the highest common factor of b and 12.
12
Suppose -5*p - 202 + 62 = 0. Let j = -25 